 + 4?
671044022
In base 9, what is -3 + -53033341?
-53033344
In base 16, what is -45645 - 754?
-45d99
In base 10, what is 184 - -204426?
204610
In base 5, what is -1213 - -2043204?
2041441
In base 16, what is -12d8f3 + -d?
-12d900
In base 15, what is c6b6 - -46d1?
11d97
In base 7, what is 353400265 + 1?
353400266
In base 5, what is 20 - -104023302?
104023322
In base 13, what is 2b26 - 7712?
-48b9
In base 9, what is -421 + 344578?
344157
In base 10, what is -1070 - 36740?
-37810
In base 7, what is 16643020261 + -2?
16643020256
In base 3, what is -10111120202102 + 11?
-10111120202021
In base 5, what is 32344 - -232202?
320101
In base 15, what is 1b711 + -71?
1b690
In base 14, what is -49d931 + -6?
-49d937
In base 4, what is -11101331231022 + 10?
-11101331231012
In base 2, what is -11111 - -1101101111000010?
1101101110100011
In base 7, what is 3 - 51254116?
-51254113
In base 14, what is -63 + 11c416?
11c393
In base 15, what is -e6a - 2898?
-3813
In base 11, what is 0 + 85a16620?
85a16620
In base 10, what is 20 + -2100450?
-2100430
In base 10, what is 58117 + -62?
58055
In base 6, what is -105200030 + -422?
-105200452
In base 12, what is 11 + a9825?
a9836
In base 8, what is 211 - -216773?
217204
In base 10, what is 716 + -12955?
-12239
In base 4, what is -110 + 131210311?
131210201
In base 4, what is -1021020 - -2202?
-1012212
In base 3, what is -1122222 + -10220200220?
-10222100212
In base 15, what is 6aae + -286?
6828
In base 11, what is 3 - -1258a7877?
1258a787a
In base 13, what is -16925aa9 - -7?
-16925aa2
In base 11, what is -5 + 630081a?
6300815
In base 6, what is 141 - -1251450?
1252031
In base 15, what is 9 + 6e78c?
6e796
In base 12, what is -5b707a3 - -1?
-5b707a2
In base 7, what is -5 + -122420526?
-122420534
In base 6, what is 341253312 - -14?
341253330
In base 10, what is -31 - 1286674?
-1286705
In base 7, what is 212 + -531522?
-531310
In base 3, what is -11 + 122222000112112?
122222000112101
In base 5, what is 121 + 4444221332?
4444222003
In base 15, what is 1 + cc97?
cc98
In base 2, what is -10100011110 - -1000110101?
-1011101001
In base 4, what is 2201233 + 1110133?
3312032
In base 13, what is -14b - -21782?
21634
In base 6, what is 3354 - 1454332?
-1450534
In base 3, what is -1 - 1022000201022201?
-1022000201022202
In base 3, what is -12221101101010111122 - 12?
-12221101101010111211
In base 6, what is 300225 + -134002?
122223
In base 12, what is -68395b - -15?
-683946
In base 8, what is -1 + 4557071?
4557070
In base 13, what is ba + ccb6?
100a3
In base 11, what is -217025 + 158?
-216978
In base 2, what is -1101100 + -101011111100111001?
-101011111110100101
In base 4, what is 13032300033 - 3?
13032300030
In base 8, what is -16576 + 6534?
-10042
In base 11, what is -580a80 + -330?
-581300
In base 8, what is 47224235 - 2?
47224233
In base 4, what is -230232 - -23100?
-201132
In base 4, what is -20 + 2311211311030?
2311211311010
In base 11, what is 17 - 151754?
-151738
In base 8, what is 1114544734 + -7?
1114544725
In base 16, what is 16a45 + 240?
16c85
In base 8, what is -2761613 + 74?
-2761517
In base 3, what is -2101210112 + 2010?
-2101201102
In base 13, what is 975a8 + 38?
97613
In base 10, what is -936695 + 52?
-936643
In base 11, what is 20448aa6 + 4?
20448aaa
In base 5, what is -1 + -31344434340?
-31344434341
In base 2, what is 100111 - 1000011000100101000?
-1000011000100000001
In base 11, what is -18041 + 3435?
-14707
In base 8, what is 347 - 2440?
-2071
In base 10, what is -12352294 + 12?
-12352282
In base 9, what is 344238 + -3247?
340881
In base 5, what is 412223331001 - -4?
412223331010
In base 15, what is -7e + cb63?
cad4
In base 4, what is 11 + 3030211313321?
3030211313332
In base 14, what is -7 - -2b80cd?
2b80c6
In base 12, what is -2 + -4111a014?
-4111a016
In base 7, what is 5461 + 16422?
25213
In base 6, what is 15153103034 + 3?
15153103041
In base 4, what is 1033231 + -30003?
1003222
In base 8, what is 166121272 + -1?
166121271
In base 3, what is 2111 - -1102020210?
1102100021
In base 2, what is 1000100101100110000001000001 - -1000?
1000100101100110000001001001
In base 12, what is -9569 - -1191?
-8398
In base 9, what is 1618 - 22616?
-20887
In base 7, what is 10 - -241330645?
241330655
In base 4, what is 11011 - 10113202?
-10102131
In base 11, what is a27501 - -2?
a27503
In base 4, what is 203 - 330302220?
-330302011
In base 9, what is 8 + 523638478?
523638487
In base 7, what is -54 - 16524425?
-16524512
In base 13, what is 116337a - 1?
1163379
In base 3, what is -200101212 + -11112?
-200120101
In base 3, what is 21010021 + -1012002202?
-220222111
In base 15, what is -3e3 + -280e5?
-284d8
In base 4, what is -1010213132110303 + -2?
-1010213132110311
In base 3, what is 2012100110021010 + -12?
2012100110020221
In base 12, what is -714a5 - 7?
-714b0
In base 9, what is -168 + -56733?
-57012
In base 2, what is -111001010111011 + -1101000111011?
-1000110011110110
In base 14, what is 207 - a58?
-851
In base 13, what is -2 + -2446176?
-2446178
In base 3, what is -222120 + 1221011?
221121
In base 2, what is -11 - 111001111101000010101?
-111001111101000011000
In base 13, what is 356776 - -2a?
3567a3
In base 6, what is -31044 - 53510?
-124554
In base 10, what is 90942 + 42?
90984
In base 7, what is -2 - -14460200?
14460165
In base 7, what is 31 + 6101455?
6101516
In base 6, what is 103554 - 33515?
30035
In base 10, what is 19 - -337050?
337069
In base 12, what is -1 - 12436414?
-12436415
In base 9, what is -30523080 + -1?
-30523081
In base 10, what is 0 + -3061731?
-3061731
In base 11, what is -a86 - -67293?
66308
In base 10, what is -971296 - 40?
-971336
In base 14, what is 30 - 19145?
-19115
In base 15, what is 1d17 + c2c?
2a44
In base 16, what is 5931 - -21c9?
7afa
In base 4, what is 123210231 - 12101?
123132130
In base 13, what is 80573c - -c4?
805833
In base 9, what is -5 + -21381556?
-21381562
In base 3, what is 10202110021 + -120?
10202102201
In base 11, what is -501a4 + aa3?
-4a201
In base 8, what is 343 + 5316025?
5316370
In base 12, what is -11217 - 7507?
-18722
In base 11, what is -3 - 761a672?
-761a675
In base 15, what is 195ad19 + 4?
195ad1d
In base 12, what is 147a19 - 65?
147974
In base 8, what is -331113 + -1?
-331114
In base 2, what is -10110111111000000010 - 10?
-10110111111000000100
In base 9, what is -5 + 46702642?
46702636
In base 12, what is 541 + -68170?
-6782b
In base 7, what is 14 - -10434333?
10434350
In base 5, what is -42442424 - -22?
-42442402
In base 8, what is 1674 - -45454?
47350
In base 14, what is 2a4 + -d4563?
-d429d
In base 7, what is -5 - 525411435?
-525411443
In base 8, what is 25647474 - 137?
25647335
In base 10, what is 50674 + -529?
50145
In base 11, what is 140045 + 261a?
142664
In base 9, what is -143670 + -452?
-144232
In base 8, what is 2536013 + 5?
2536020
In base 10, what is -11734 - -29?
-11705
In base 8, what is 46764756 - 15?
46764741
In base 12, what is 6b821996 - -4?
6b82199a
In base 14, what is a7c6 - -61?
a847
In base 16, what is -4b03641e + 2?
-4b03641c
In base 2, what is 101101101 + -110110111000110010110?
-110110111000000101001
In base 9, what is 14143 + 15438?
30582
In base 4, what is 30123 + 2010101?
2100230
In base 15, what is 3744 + a71?
42b5
In base 16, what is 3 + f87f9?
f87fc
In base 11, what is -6 + 4373389?
4373383
In base 7, what is -4 - -403545305?
403545301
In base 15, what is 3 - -1c73692?
1c73695
In base 10, what is -1609 + 820?
-789
In base 2, what is 1000011000010011011 - 1?
1000011000010011010
In base 13, what is -75 + -48817?
-4888c
In base 9, what is -75 - -231828?
231743
In base 16, what is 4 + 31e711?
31e715
In base 8, what is -56110 + 57?
-56031
In base 10, what is -93110 - -84?
-93026
In base 10, what is 3140 + 26251?
29391
In base 11, what is -512 + -11658?
-1206a
In base 15, what is -b7a41 + 4a9?
-b7587
In base 9, what is 30853 - -14384?
45347
In base 14, what is 1 + 169354c0?
169354c1
In base 13, what is -19c6144 - 91?
-19c6205
In base 7, what is -10304045645 - 4?
-10304045652
In base 12, what is -2904 - -6751?
3a49
In base 14, what is -134082d + -4?
-1340833
In base 10, what is 1 + -3309556?
-3309555
In base 5, what is 204333431323 - 1?
204333431322
In base 6, what is 341352 + -51353?
245555
In base 14, what is -2d18702 - -3?
-2d186dd
In bas